hat is the highest common divisor of x and 21?
7
Let m be 162/24*(-112)/(-21). What is the highest common factor of m and 12?
12
Suppose -4*s + 192 = -2*j, s - 4*j - 48 = -3*j. Let o = s - 28. Calculate the highest common factor of o and 100.
20
Suppose k = -k + 34. What is the greatest common factor of 51 and k?
17
Let i = 213 + -118. Suppose 4*f - 112 = 40. What is the highest common divisor of i and f?
19
Suppose 21 = 6*j - 3*j. Suppose -c - j = -4*g, -5*g - 5*c + 40 = -0*g. Suppose g*k - 1 = 29. Calculate the greatest common divisor of 25 and k.
5
Suppose 2*m + x = 14, 6*m = 3*m + x + 26. Let g(b) = -b + 1. Let a = 1 - 1. Let f be g(a). What is the highest common factor of m and f?
1
Let v(i) = -23*i - 171. Let g be v(-12). Calculate the highest common divisor of g and 180.
15
Let z = 4 + -1. Let q(g) = 9*g + 138. Let o be q(-15). What is the highest common divisor of z and o?
3
Suppose -3*o + 4 = -7*o. Let a = 5 + o. Suppose -2*p + 7*p - 142 = -4*g, 5*p = a*g - 162. Calculate the highest common factor of 152 and g.
38
Let o(l) be the third derivative of -l**6/120 - l**5/6 - l**4/12 + 2*l**3/3 - 30*l**2. Let t be o(-10). Calculate the highest common factor of t and 12.
12
Let k(o) = -47*o**2 + 2. Let d be k(1). Let m = -28 - d. What is the greatest common divisor of 136 and m?
17
Let c be (-1 + -19)/(20/(-10)). Suppose 5*f = 3*f + c. What is the greatest common divisor of f and 45?
5
Let l = -327 - -384. What is the greatest common factor of 9 and l?
3
Let u = 29 + -17. What is the highest common factor of u and 204?
12
Let z = -37 - -46. Suppose 81 = z*m + 9. Calculate the greatest common factor of m and 8.
8
Let s be -7 - (-10)/(-4)*6/(-5). Let f be (10*s)/(1/(-6)). What is the greatest common divisor of f and 30?
30
Let s(d) = d**2 - 12*d + 38. Let w be s(7). Calculate the greatest common divisor of w and 4.
1
Let w = -24 - -26. Suppose -i + 76 = w*p, 5*p + 119 = 2*i - 6. What is the highest common factor of i and 14?
14
Let j(h) = -h - 1. Let z be j(-4). Suppose -s + 9 = z. Let m(o) = -o**3 + 13*o**2 + 3*o + 3. Let w be m(13). Calculate the highest common factor of w and s.
6
Suppose 0 = -23*n + 203 + 763. Calculate the greatest common factor of n and 196.
14
Let i(m) = 35*m - 4. Let z be i(-1). Let h = z + 44. Calculate the highest common divisor of 35 and h.
5
Suppose 94 = j + 3*y - 53, 0 = -2*j + 3*y + 321. Calculate the greatest common divisor of j and 72.
12
Suppose 7 = -2*h - h - 4*k, 15 = 3*k. Let q be (-282)/(-9) - (-3)/h. Calculate the highest common factor of q and 62.
31
Let x be 5 + (-112)/20 - 476/(-10). Suppose m = 67 + x. Calculate the highest common divisor of m and 6.
6
Let y(b) = 6*b**2 - 5*b - 1. Let h be y(-4). Let k = h - 79. What is the highest common factor of k and 324?
36
Let n be (-40)/(-16)*12/15. Suppose 3*w + i = 7, -3*i - 17 = n*w + 2*i. Let u(h) = h**2 + 16. Let m be u(0). What is the greatest common factor of w and m?
4
Let q be 134/((-8)/10*160/(-64)). What is the greatest common factor of 134 and q?
67
Suppose -55 - 1 = -7*v. Let m(c) = 56*c**3 + c**2 - 3*c + 2. Let h be m(1). Calculate the highest common factor of v and h.
8
Let a = -231 - -330. Suppose 59 = 2*j - 33. Suppose 0 = 4*s - 2*k - j, 0 = 5*s + k - 48 + 8. What is the greatest common divisor of a and s?
9
Let g be 6/(-2) + -6 + (85 - 4). Suppose -t - 2*d + g = -27, 4*d - 12 = 0. What is the greatest common factor of t and 62?
31
Let q be (-2)/12*4*12. Let a be q/108*-3 - 259/(-9). What is the highest common factor of 116 and a?
29
Suppose 21 = -3*q + 24. Let i = q - 1. Suppose 3*v - 4*v + 5 = i. What is the greatest common divisor of v and 25?
5
Suppose -3068 = -j - 3036. Let f be (40 + -2)*2/4. Suppose f - 3 = 2*g. Calculate the greatest common factor of j and g.
8
Let z(d) = 3*d**3 - 2*d**2 + 3*d. Let v be z(1). Let g(w) = w**3 - 5*w**2 + 6*w - 6. Let b be g(4). Calculate the greatest common factor of b and v.
2
Suppose 0 = 10*x - 0*x - 300. Let o be (179 - -1 - 3) + 0. Let s = o + -102. Calculate the highest common divisor of x and s.
15
Suppose -2*q + 7 = 5*b, 4*q = -b - 10 - 3. Let o = 10 - -11. Let y = b + o. What is the greatest common factor of y and 16?
8
Let x be (1/3)/(-13*15/(-1755)). Suppose -s + 37 + 10 = 3*w, 3*w - 55 = -5*s. Calculate the greatest common factor of x and w.
3
Suppose -4*j - 20 = 0, -r + 0*r - j = 7. Let h(a) = 5*a + 13. Let b be h(r). What is the highest common divisor of 12 and b?
3
Suppose 4*x - 38 = -2*n, -35*x + 33*x + 76 = 4*n. Let y = 66 - -1. Suppose -z = -y - 142. What is the highest common factor of n and z?
19
Suppose -10*y = -13*y + 132. Suppose 19*m - 15*m = y. What is the highest common divisor of 77 and m?
11
Suppose 50*o - 693 = 43*o. What is the greatest common divisor of o and 198?
99
Let h be 10/3 - (-4)/(-12). Suppose -3*k + 6 = -h, 3*s + 5*k = 39. Suppose 5*n = s + 102. Calculate the highest common factor of n and 55.
11
Suppose 917 + 248 = 2*u + 5*n, u - 4*n - 602 = 0. Calculate the greatest common factor of u and 118.
118
Suppose -44 + 8 = -z. What is the highest common divisor of z and 171?
9
Suppose 113*w = 111*w + 322. Suppose -x + 3*u + 89 = u, 5*u - 10 = 0. Let f be x/4 - 4/16. What is the greatest common divisor of w and f?
23
Suppose -19*p + 21007 - 3071 = 0. Calculate the greatest common divisor of p and 16.
16
Let k = -698 - -731. Calculate the greatest common factor of 15 and k.
3
Suppose 3 = 8*l - 53. What is the greatest common factor of 49 and l?
7
Let b(v) = -4*v + 5 + 2*v - 3*v + 4*v. Let s be b(0). What is the highest common factor of 40 and s?
5
Let q(m) = -30*m - 22. Let s be q(-4). Suppose -6*c + 70 = -c. What is the greatest common factor of c and s?
14
Let f(i) = 27*i**2 + 17*i - 18. Let b be f(1). Suppose 4*r = r + 390. What is the highest common factor of r and b?
26
Let i be 8240/28 + 6*(-1)/21. What is the greatest common divisor of i and 210?
42
Let n be (-2)/6 - (-3647)/(-21). Let c = n - -254. What is the highest common factor of 10 and c?
10
Let f be 204/((2/(-10))/(20/(-75))). What is the greatest common divisor of f and 17?
17
Let r be (4/(-5))/(6/(-225)*3). Suppose -4*x = -r*x + 144. What is the greatest common divisor of 60 and x?
12
Suppose -28*k + 15 = -27*k. Let p be k/(-9)*(-4 + 1). Calculate the highest common factor of 2 and p.
1
Let f = 367 + -332. Suppose 0 = 2*v - 28 - 0. What is the highest common divisor of v and f?
7
Suppose 0 = 8*u - 13*u - 30. Let p be 8 - (u/(-4))/((-2)/(-4)). Calculate the greatest common factor of p and 40.
5
Let o be 3/(6/14 - 837/2016). Let m = 34 + -20. What is the highest common factor of o and m?
14
Let j(y) = -4*y**2 + 7*y - 9. Let o be j(4). Let r = 48 + o. What is the highest common factor of 33 and r?
3
Let a = 155 - 153. What is the greatest common factor of a and 32?
2
Suppose 2*z + 2*m - 10 = 0, 0 = 2*m - 3 + 1. Let b be z/(-10) - (-4)/10. Suppose r + b*r - 19 = 0. Calculate the highest common factor of 38 and r.
19
Suppose -24*o + 25*o - 112 = 0. Suppose 4*w = -w + 70. What is the highest common factor of w and o?
14
Let y(r) = r**3 - r**2 + 11. Let v be y(0). Suppose -2*a = -2*g - 96, 9*a + 2*g + 272 = 15*a. Calculate the highest common divisor of a and v.
11
Let m be (-5)/(-2) - 13/(-26). Suppose 0 = -8*k + 304 - 112. Calculate the greatest common divisor of m and k.
3
Suppose -36*i - 16 = -37*i. Calculate the highest common divisor of i and 352.
16
Let l be 8/(-28) + 0 - 342/(-21). Suppose -2*i - 1066 = -4*c, 14*c + 5*i + 537 = l*c. What is the greatest common factor of c and 14?
14
Let a(i) = -i**2 - 15*i - 31. Let p be a(-10). Calculate the highest common divisor of 1 and p.
1
Suppose 0 = -3*c + 3 + 9. Suppose 5*j - g = 16, 0 = -g - 0 + c. Calculate the greatest common divisor of j and 12.
4
Suppose 2*w - 110 = 2*b, -22 = b + 3*w + 17. Let r = b - -67. What is the greatest common divisor of r and 2?
2
Let j(k) = -k**2 - 75*k - 131. Let f be j(-73). Suppose 5*h - 48 = -a - 13, -a - 3*h + 27 = 0. Calculate the greatest common factor of a and f.
15
Let g(x) be the first derivative of 2*x**2 + 1/3*x**3 + 5 - 4*x. Let f be g(-6). What is the highest common factor of 72 and f?
8
Let p be 20/(2 + -7) + -2. Let l(h) = -h**3 - 8*h**2 - 6*h + 13. Let n be l(p). Let f = -17 - n. What is the highest common facto